t h = u + 20. What is the highest common factor of w and h?
18
Let h = 0 + 2. Let n(m) = -m**2 - 57*m - 40. Let b be n(-56). What is the highest common divisor of h and b?
2
Let j be 3/(-2) - (-15257)/38. What is the highest common divisor of j and 24?
8
Let j(g) = g + 54*g**3 + 0*g - 13*g**3. Let n be j(-1). Let t = 67 + n. What is the greatest common divisor of 10 and t?
5
Let k be -5 - (-105 + (4 - 5) - -1). What is the greatest common divisor of k and 450?
50
Let s = -28 - -24. Let r be 36 + 3 + s + 1. Calculate the greatest common factor of 4 and r.
4
Suppose 20*n = 1861 + 9539. Calculate the greatest common factor of 30 and n.
30
Suppose -4*o = r + 4, -2*o = r + 1 + 3. Let a be 23 + 2 + (o - -2). What is the highest common factor of 27 and a?
27
Suppose -2*r + 536 = 2*r. Let f = 136 + r. Let w = -189 + f. What is the greatest common factor of w and 9?
9
Suppose -3*r - y = 8 - 56, 3*r = -2*y + 48. Let b be 9/((-36)/32)*(-12)/16. Suppose 0 = b*u - 5*u - r. Calculate the highest common divisor of u and 112.
16
Let y = 508 + -478. What is the highest common factor of 6 and y?
6
Suppose 0 = -2*n - 8. Let g be (n - -9)/(0 - 1). Let h be (-479)/g + (-11)/(-55). What is the highest common divisor of 16 and h?
16
Let z = 43 - 19. Let a = 27 - z. Suppose a*t + 8 = 4*t. What is the highest common factor of 72 and t?
8
Let w(c) = -c**2 - 5*c - 2. Let x be w(-3). Suppose -b = 2*g - 62, -x*b = 5*g - 5*b - 148. What is the greatest common divisor of g and 240?
30
Suppose 0 = -7*c + 19*c - 1008. Calculate the greatest common divisor of 24 and c.
12
Let a(x) = 22*x + 52. Let p be a(14). Calculate the highest common factor of 45 and p.
45
Let s(p) = 116 + 6*p + 131 - 228. Let f be s(21). Calculate the greatest common factor of f and 29.
29
Let i = -358 + 1718. Calculate the greatest common divisor of i and 204.
68
Let t = 10 + -7. Let c be (-2)/t*1*-3. Let u(g) = 8*g**2 + 2*g. Let d be u(c). What is the highest common divisor of 9 and d?
9
Suppose -i + 4 = 1. Suppose i*j - 13 = -2*h - 2*h, -j = -3*h. Suppose 4*n + 2 = q - 16, j*n + 18 = 3*q. Calculate the highest common factor of q and 5.
1
Let f be (-2840)/25 + (-6)/(-10). Let d = f - -158. Let l be ((-1)/3)/(3/(-45)). What is the highest common divisor of l and d?
5
Suppose n = 21*n - 1160. Calculate the highest common divisor of n and 145.
29
Suppose -r + 4*l = -10, 0 = 5*r - 4*l - 4 - 14. Suppose r*x - 4*x + 6 = 0. Let v be 2/x + 3627/27. What is the highest common divisor of 15 and v?
15
Let v = -12 + 26. Let n(j) = 4*j**3 + 103*j**2 - 42*j - 318. Let k be n(-26). What is the greatest common divisor of k and v?
14
Let x = -35 - -65. Suppose -3*j = 3*c - 3, 40*j - c = 42*j - 3. Calculate the highest common factor of x and j.
2
Suppose 2*i - 73 = -5*j + 187, 4*i - 3*j - 520 = 0. What is the highest common divisor of 104 and i?
26
Suppose 12*v - 192 = -12*v. Calculate the greatest common divisor of 2 and v.
2
Let z be 990/81 + 4/(-18). Let s(u) be the third derivative of -7*u**4/24 + u**3/6 - 3*u**2. Let m be s(-5). What is the highest common factor of z and m?
12
Let g(a) = -458*a - 1. Let i be g(-2). Suppose i = 3*d - 30. Suppose -4*z = -3*s + 93, 3*z = -s + 19 + 25. What is the greatest common factor of d and s?
35
Suppose -z = -0*l - 3*l + 5, 4*l = -4*z + 28. Suppose z*h = -3*i + 50, -2*i + 2*h = 3*i - 92. Let c = 2 + i. Calculate the highest common divisor of 140 and c.
20
Let b = 45 + -41. Suppose 6*o - 625 = b*o + 5*g, 1180 = 4*o + 4*g. What is the highest common factor of o and 60?
60
Suppose -4*t - 3*v = -17, -5*t + 5*v = -26 - 39. Suppose -m = t*m - 81. What is the highest common divisor of 45 and m?
9
Suppose -5*t - 10 = 0, -114 = -4*j - 0*j + 5*t. Suppose 24*z + 24*z - 6240 = 24*z. What is the greatest common factor of j and z?
26
Suppose -60*b + 61*b = 182. What is the greatest common divisor of b and 14?
14
Let w be (-99)/36*-2*(-24)/(-22). Suppose -66 = -b - 0*b. Calculate the greatest common factor of w and b.
6
Suppose -39 = -t - 2*t. Suppose g + 4*d + t - 36 = 0, -g = 2*d - 15. Calculate the highest common factor of 7 and g.
7
Suppose -5*j = -6 - 9. Suppose -2*t + 76 = -4*d, t + j*t = d + 117. Calculate the greatest common divisor of t and 140.
28
Let r = 12286 - 12234. Let b = -224 + 484. Calculate the greatest common factor of r and b.
52
Let s = -35 - -17. Let v = 27 + s. Let o be 2/4 - 44/(-8). Calculate the highest common divisor of o and v.
3
Let i be 1/(4*4/64). Suppose k - 11 = 4*c, -74 = -5*k - i*c + 77. What is the highest common factor of k and 18?
9
Let o be (1 - (-3 - 8))*(-3)/(-6). What is the greatest common divisor of 192 and o?
6
Suppose -5*u + 336 = -2*a, 2*u + 14 = 4*a + 142. Calculate the greatest common divisor of u and 4.
4
Suppose -9300 - 3948 = -46*m. Calculate the greatest common factor of m and 48.
48
Let t = -49 - -48. Let j be 16 + 2 - 1 - 3/t. Calculate the highest common factor of 30 and j.
10
Let t(v) = -6*v - 6. Let s be t(-7). Let c be (-6)/(-33) + (13062/11)/3. Calculate the highest common divisor of s and c.
36
Let t(s) = 40*s - 304. Let f(q) = 8*q - 61. Let b(z) = -24*f(z) + 5*t(z). Let w be b(13). What is the greatest common factor of w and 12?
12
Let u(j) = 2*j**2 - 2*j. Let n be u(3). Suppose 3*p - 76 = -2*v, 4*v - 8 = -0*v. Calculate the greatest common divisor of n and p.
12
Suppose 433 = 53*a - 256. Let g = 16 - 3. What is the highest common factor of g and a?
13
Let b(y) = -y**3 - 10*y**2 - 5*y + 12. Let h be b(-9). Let v be 4195/40 + ((-9)/3)/h. Calculate the highest common divisor of v and 7.
7
Let r(j) be the first derivative of 9*j**3 + 2*j**2 - 5*j + 7. Let n be r(1). Let k be (-1 + 4)*(2 - -11). What is the highest common divisor of k and n?
13
Suppose 90*o = 21309 + 40251. What is the highest common factor of 27 and o?
9
Let z = 2363 - 1583. What is the greatest common divisor of 120 and z?
60
Let v(z) = z**3 + 2*z**2 - 4*z - 1. Let b be v(-3). Let i be (-135)/(-6) + 1/b. What is the highest common divisor of 115 and i?
23
Suppose -8*a - 505 + 1545 = 0. Calculate the greatest common factor of a and 182.
26
Let x(g) = 21*g**2 + 7*g + 11. Let o be x(-2). Let t = o - 73. Calculate the highest common divisor of t and 88.
8
Let j(v) = -14*v**2 + 757*v - 52. Let d be j(54). Let y(m) = -m**2 + 6*m + 4. Let s be y(6). What is the greatest common divisor of s and d?
2
Let t be (-2 - 1) + 3 - -6. Suppose 0 = -t*z + 2*z + 84. What is the highest common divisor of 7 and z?
7
Suppose 4*i - 15 = i. Let l be ((-138)/4 - -2)*252/(-126). What is the greatest common factor of l and i?
5
Suppose 32*l - 18*l = 238. Suppose -2*g + 3*o = 3*g, 0 = 3*o. Suppose g = d + 3*k - 34, 2*k - 3*k = 4*d - 136. What is the highest common divisor of l and d?
17
Let a = 842 - 311. What is the greatest common divisor of a and 59?
59
Suppose 8 = q - 25. Let p = q + -33. Suppose 2*r + 0*r - 4 = p. Calculate the greatest common divisor of 18 and r.
2
Let d(l) = -l**2 + 19*l - 22. Let n be (-49)/(-3) - 0 - (-5)/(-15). Let v be d(n). Calculate the highest common divisor of v and 39.
13
Let u be (-4)/(-6) + 65/15. Suppose -20 = 5*o - u. Let t be 0/(-1) + (o - -31). What is the greatest common divisor of 14 and t?
14
Let f be (3 - (-5 + 4)) + 13. Let p(h) = h**3 + 7*h**2 + 6*h + 9. Let r be p(-6). Let c = f - r. Calculate the highest common divisor of c and 20.
4
Let c = -143 - -255. Suppose 2*d - 6 = -16, -3*m + c = 4*d. Let u = -27 - -38. What is the greatest common divisor of u and m?
11
Let h(c) = c**3 - 5*c**2 - 33*c + 21. Let l be h(9). Calculate the greatest common divisor of 18 and l.
6
Suppose -3*l - 8*u = -4*u - 206, 5*u = -4*l + 274. Let d be (1 + (-1196)/12)*(-15)/10. Let r = d - 104. What is the highest common divisor of r and l?
22
Let q(k) = -4*k + 17. Let s be q(4). Suppose -71 = -2*a + s. What is the greatest common factor of a and 12?
12
Let r(y) = y**2 + 8*y + 9. Let j = -66 + 58. Let b be r(j). What is the highest common factor of 81 and b?
9
Suppose -4*h + h - r + 14 = 0, 0 = -r - 4. Suppose k - 1 = 6. Suppose 4*y + 3*z = 18, -19 = -3*y + 4*z + k. What is the greatest common divisor of h and y?
6
Let u = -66 + 94. Calculate the highest common factor of u and 56.
28
Let a(z) = 3*z**2 + 16*z + 5. Let k be a(-5). Suppose 7*o - 5*o - 2 = k. Calculate the gre